 = 4*r**3 - r**2. What is the units digit of p(x)?
3
Let p be (-5)/((4/(-6))/(-2)). Suppose 15 = h - 17. Let t = p + h. What is the units digit of t?
7
Suppose 3*c = 3 + 3. Suppose -c*d + 14 = 2. Let u = d + 4. What is the tens digit of u?
1
Let c(b) = 13*b**3 + 2*b - 1. Let v be c(1). Suppose 0 = -3*p + v + 10. Let q(h) = -h**3 + 9*h**2 - 8*h + 6. What is the units digit of q(p)?
6
Let a = 66 + -33. Let c = a + 39. Suppose -5*y - 17 = -c. What is the tens digit of y?
1
Suppose -5*w - 3*f + 4*f + 4 = 0, -2*f = -2. Suppose 0 = 3*z + 2 + w, 36 = i - z. What is the tens digit of i?
3
Suppose 50*m = 56*m - 1032. What is the units digit of m?
2
Suppose -20 = -5*k - 3*u, -k + 55 = 4*k - 4*u. What is the units digit of k?
7
Let h(l) = -2*l - 4. Let b(t) = t + 2. Let u(x) = 9*b(x) + 4*h(x). What is the units digit of u(6)?
8
Suppose 5*c = 67 + 43. What is the tens digit of c?
2
Suppose 3*k - 4*k + 4*w + 52 = 0, 109 = 2*k - 3*w. What is the units digit of k?
6
Let v be 6/(-4)*(-8)/(-3). Suppose 3*n = -n - 72. What is the units digit of (-1)/2 + n/v?
4
Let m(b) = -b**3 + 7*b**2 + b - 7. Let z be m(7). Suppose z = 3*q + 2*r - 42, -3*r - 2*r + 3 = -q. What is the units digit of q?
2
Let a(s) = -s**2 + 2*s. Suppose -5*g = -g - 8, -2*f + 2*g = -6. Let k be a(f). What is the units digit of ((-6)/k)/(1/5)?
2
Suppose w - 32 = -w. Suppose -w = -4*q - 2*i, 5*i + 4 = -q - 10. Suppose -q = -0*r - r. What is the units digit of r?
6
Let d = -8 + 5. What is the units digit of d + 6 + -2 + 4?
5
Let s be 62/15 + 10/(-75). Suppose -y - 46 = -m - 0*y, s*y = 3*m - 139. What is the tens digit of m?
4
Let h = -9 + 11. Suppose s - h*s + 4 = 0. What is the units digit of s?
4
Suppose -2*w = -5*f - 188 - 38, -5*w + 3*f = -527. What is the units digit of w?
3
Let a(z) = -2*z**3 - 4*z**2 - 3*z - 1. Let l be a(-4). Let n = -37 + l. What is the units digit of n?
8
Let o(b) = 4*b + 40. What is the units digit of o(12)?
8
Suppose -8*c + 112 = -0*c. What is the units digit of c?
4
Suppose 3*q = 3*o + 6 - 21, -4*o - q + 10 = 0. Suppose o*d - 2 = 1. Suppose h - 3 + d = 0. What is the units digit of h?
2
Let d = 1 - -2. What is the units digit of 1*(1 + 2)/d?
1
Let h(a) = -a**2 + 10*a + 9. Let i be h(11). What is the tens digit of 12*(-9)/12*i?
1
Suppose 87 = 9*m - 8*m. What is the units digit of m?
7
Suppose d - 222 = -0*d + 4*x, -2*x = -2*d + 450. What is the hundreds digit of d?
2
Suppose 6*r - 21*r + 2115 = 0. What is the units digit of r?
1
Suppose -7*k = -4*c - 3*k + 12, -4*c = 5*k - 30. Let v = 25 + c. What is the units digit of v?
0
Let t = 8 - 4. Suppose -t*b - 2*p + 168 = 0, b + 4*p = 52 - 17. What is the tens digit of b?
4
Suppose 6*g - 86 = 4*g. What is the tens digit of g?
4
Let z = 6 - 6. Suppose 0 = 4*g + 5*w - 43, 2*g + z*g - 2*w = 8. What is the units digit of g?
7
Let j = -148 - -234. What is the units digit of j?
6
Suppose c - 7 = -2. Suppose 0 = c*z - 4*j - 62, 5*j - 19 - 5 = -z. What is the tens digit of z?
1
Let p(g) = g - 6. Let a be p(4). Let r be 2*(a + 0)/(-4). Suppose 7 = z + r. What is the units digit of z?
6
Suppose 0*s = 4*s - 24. Let y = 0 + s. What is the units digit of y?
6
Suppose 8 - 2 = 2*c. What is the units digit of c?
3
Let d = -30 + 44. Suppose r - 2*r = d. What is the units digit of (-148)/(-28) + 4/r?
5
Let i(n) be the first derivative of 2*n**3 - 3*n + 4 - 1/4*n**4 - 2*n**2. What is the units digit of i(5)?
2
Suppose 3 - 6 = -p. Suppose p*c = -0*c + 4*i + 50, -4*c + i + 71 = 0. What is the units digit of c?
8
Let x(a) = -a**3 - a**2 - a + 4. Let j be x(0). Suppose -y + 3 = j*n - 4, 4*n + 8 = 0. What is the tens digit of y?
1
Let n = -20 - -10. What is the units digit of (24/n)/(9/(-30))?
8
Suppose -124 + 318 = a + 3*t, -t - 206 = -a. What is the hundreds digit of a?
2
Let q = -4 + 4. Let j = q - -6. What is the units digit of (-16)/((-6)/(j/2))?
8
Let o = 3 - 5. What is the units digit of (2/4)/(o/(-8))?
2
Suppose g + 111 - 427 = 0. What is the tens digit of g?
1
Let t = 328 + -211. Suppose -5*p = 12 - t. What is the tens digit of p?
2
What is the units digit of (4/8)/(4/536)?
7
Suppose 0 = -y - 2*y + 15. Suppose 18 = r + 3*h, h = y*r - 2*h - 18. Let i(j) = -j**3 + 7*j**2 - 6*j + 3. What is the units digit of i(r)?
3
Suppose -s - 3 = 4*c + 10, -17 = 5*c + 2*s. Let k(n) be the third derivative of n**5/30 + n**4/8 - 2*n**3/3 - n**2. What is the units digit of k(c)?
5
Let t = 142 + 156. Suppose 3*v = 2*s + t, v + 2*s - 95 = 7*s. Suppose -f + 80 = 5*c - 0*c, 5*c - v = -5*f. What is the tens digit of c?
1
Let c = 20 + 8. What is the units digit of c?
8
Suppose 0 = i - 4*d - 13 - 147, d = -4*i + 657. What is the tens digit of i?
6
Let x = 71 - 30. What is the tens digit of x?
4
Let m(t) = 4*t**2 + 7*t + 0*t**3 - t**3 + 2 + t**2. Let f be m(6). What is the units digit of (-1 + f)/(-1 - -2)?
7
Let g = -77 - -149. What is the units digit of g?
2
Let w(h) be the first derivative of h**4/4 + 8*h**3/3 - h**2/2 - 8*h + 4. Let b be w(-8). Suppose b*y + 7 = y. What is the units digit of y?
7
Let i = 6 - 6. Suppose -y = -i + 9. What is the units digit of (3*12/y)/(-2)?
2
Let l(t) = -t + 8. Let m be l(-6). Let o be m/(-35) - 33/5. Let v = -4 - o. What is the units digit of v?
3
Suppose -5*j - 5*m + 545 = 0, -137 - 304 = -4*j - 5*m. Suppose -u + j = 3*u. What is the tens digit of u?
2
Let n = -2 - -6. Let q(r) = 1 + n*r**2 - 4*r**3 + r - 3*r**2 + r**3. What is the units digit of q(-1)?
4
Let u be -4*((-15)/6)/1. Let d = u + 2. What is the tens digit of d?
1
Let f(x) = -15*x. What is the units digit of f(-1)?
5
Suppose 2*u + 4 + 0 = 0. Let r be 1 - (-3 - 4/u). What is the units digit of 2/r*3 + 0?
3
Suppose -19*n = -25*n + 816. What is the hundreds digit of n?
1
Suppose -3*w = -3*x + 87, 3*x + 8 + 1 = -w. Let v = -12 - w. What is the units digit of v?
2
Let z = -23 + 87. What is the tens digit of z?
6
Let b = -5 - 3. Let o = b - -9. What is the units digit of o?
1
Let q be (-100)/8 + 1/(-2). Let p = 15 + q. What is the units digit of p?
2
Suppose 0 = 4*q + 3*u + 43, -q + 4*u - 1 = 2*q. Let n(i) = i**2 + 5*i - 6. What is the units digit of n(q)?
8
Suppose 4*r = 1287 - 95. What is the hundreds digit of r?
2
Let l(n) = n + 14. Let y be l(-8). Let o be 0 - 3/y*18. Let x = o + 14. What is the units digit of x?
5
Let d(o) = -o**3 - 7*o**2 + 14*o + 11. What is the tens digit of d(-9)?
4
Let c(p) be the first derivative of p**6/360 + p**5/15 - p**4/12 - p**3/3 - 1. Let r(i) be the third derivative of c(i). What is the units digit of r(-9)?
7
Suppose 0 = 3*n - z - 28, -n + 23 = 3*z - 3. Let u = -5 + n. What is the units digit of u?
6
Let m(p) be the first derivative of p**3/3 - p**2 + 2*p - 3. What is the units digit of m(2)?
2
Let j be 38/14 - (-8)/28. Let k = -1 + j. Suppose k*n + 0*n + 2*x = 20, -3*x = -3. What is the units digit of n?
9
Let v(w) = w**3 - 3*w**2 + 2*w + 2. Let s be v(2). Let o(l) = 1 + l - 8*l - l**2 - s. What is the tens digit of o(-3)?
1
Let j = 19 + -19. Suppose -4*t + t = 5*s - 199, -3*s + 4*t + 131 = j. What is the tens digit of s?
4
Let u(o) = o**2 + 22. Let b be u(0). Let c = -12 + b. Let g = c + -4. What is the units digit of g?
6
Suppose 25 = 4*d + 3*g + 306, -5*d + 2*g = 334. What is the tens digit of ((-3)/(-3))/((-2)/d)?
3
Let i = 15 + 12. What is the units digit of i/6*-2*-1?
9
Suppose -3*n - 2*w + 2 = 0, -3*w + 2*w = -5*n + 25. Suppose -n = -4*y - 0. What is the units digit of y?
1
Let k = -13 + 6. Let b = k - -14. What is the units digit of b?
7
Let l(c) = 71*c**3 + c. Let f be l(1). Suppose -2*s + f = 2*s. What is the units digit of s?
8
Let c be -1 - (-1)/(-1 + 0). Let n be (-5 - -8)*(-11)/(-3). Let s = n + c. What is the units digit of s?
9
Suppose -f + 0*f + 4 = 0. Suppose -5*d + 21 + 0 = 2*q, f*d - 26 = -2*q. What is the units digit of q?
3
Suppose 666 + 384 = 5*g. What is the units digit of g?
0
Let t be 4/(-2 + 12/9). Let c(n) = n + 1 - n + n + 7. What is the units digit of c(t)?
2
Suppose 2*i - 3*i + 190 = 0. What is the tens digit of i?
9
Let r be (2 + -2 + 31)/1. Let w = 44 - r. What is the units digit of w?
3
Let v(w) = 7*w**2 - 3*w + 1. Let o be v(2). Let r = 36 - o. What is the units digit of r?
3
Let d(z) = z**3 + 14*z**2 + 10*z - 11. Suppose 2*r + 4*o + 18 = 0, -2 = -r + 5*o - 25. What is the units digit of d(r)?
8
Le